5. Is w composite?
False
Let r = 30900 - 21431. Is r composite?
True
Let j = 21 + -18. Suppose -578 = -2*x - 0*x - 4*v, -2*x + j*v + 592 = 0. Is x composite?
False
Let f(l) = -2*l - 8*l + 15 + 20 - 10*l. Is f(-15) a prime number?
False
Let y be 0 - 3/((-6)/386). Let j = -94 + 34. Let m = y + j. Is m a composite number?
True
Suppose -3*n - n = 64. Let o be n/80 - 286/(-5). Suppose 4*l = l + o. Is l composite?
False
Let h be -27*(-1 - (-1 - -1)). Let b = 21 - h. Let z(n) = -41*n + 13. Is z(b) prime?
False
Let f(z) = -z**3 + 13. Let g be f(0). Suppose -1197 = -g*q + 1286. Is q composite?
False
Suppose 14*c + 43839 = 23*c. Is c a composite number?
False
Let c be (-44)/(-10) + 10/(-25). Suppose 2*m + 0*s + 3*s = 620, 929 = 3*m + c*s. Is m prime?
True
Suppose 4*i = 2*t - 30, -t = -0*t - 3*i - 15. Suppose 53648 = t*q + q. Is q a prime number?
False
Is ((-24)/60)/((-2)/33420) + -1 prime?
False
Let c = 3165 + 328. Is c prime?
False
Let t be ((-14)/(-21))/(1/3). Suppose -t*s + 3*q - 5*q = -1052, -2*s + 3*q + 1027 = 0. Is s prime?
True
Suppose 0 = -g - 3*r + 5270, -4*g = 3*r + 2*r - 21087. Is g composite?
False
Suppose -3220 = 4*r + 5172. Let i = r - -5357. Is i a prime number?
True
Let z = 4 + -10. Let w be 0/(1 - z/(-2)). Suppose w = -5*p - 0*p + 1235. Is p prime?
False
Let a(d) = -79*d**3 - 3*d + 3. Suppose 8*l + 4 = -12. Is a(l) a composite number?
False
Let d(b) = b**2 + 2*b + 3. Let w be d(-4). Suppose -w - 21 = -4*g. Suppose 51 = v + 2*c, -v + 51 = 3*c - g*c. Is v a prime number?
False
Suppose 3*l - 41855 = -2*w + 19674, 4*l - 3*w = 82016. Is l a composite number?
False
Let w(l) = -l + 2. Let q be w(-4). Suppose 2*i + 16 = q*i. Suppose 0 = a - 1 - 1, -a + 310 = i*v. Is v composite?
True
Let i be ((-25)/(-20))/(1/52). Let t be i + -3*2/3. Suppose t - 649 = -2*x. Is x prime?
True
Suppose 0 = -14*t + 31288 + 69526. Is t a composite number?
True
Let v be (-4 - -1) + 1 + 31. Suppose -26*q - 612 = -9*q. Let z = v - q. Is z a composite number?
True
Suppose 4*a - 6 = a. Suppose 2*y + 22 = 3*j + j, 3*j - 21 = a*y. Let z(f) = -48*f + 17. Is z(y) prime?
True
Let a(n) = 14*n**3 - 18*n**2 + 21*n + 12. Is a(17) prime?
True
Suppose -2*d = 4*p - 3*p + 11, 4*d + 25 = -3*p. Let v be 27/6 - (-2)/d. Suppose 3*r + 0 = -6, v*r = -s + 283. Is s prime?
False
Let x = 5369 + -9327. Let b = -2084 - x. Is b composite?
True
Suppose -4*z + 528704 = 186788. Is z prime?
False
Suppose 2*n - 8 = -0*n. Suppose 39 = 4*r - 5*w, -w - 5 = -r + n. Suppose 4*t - r*y - 1859 = -y, -3*t + 5*y + 1388 = 0. Is t composite?
True
Suppose -724 = -l - 5*f, f - 4 = 3*f. Let a = -408 + l. Is a a prime number?
False
Is 1254 + (-3)/(-1 + 0) composite?
True
Let n = -61 - -73. Is (16/n)/(-2) + (-28851)/(-9) composite?
True
Let u(f) = -f**3 - 12*f**2 + 24*f + 29. Is u(-16) a composite number?
True
Let f be ((-162)/3)/((-2)/27). Suppose -p + f = 245. Suppose -p = -r - 3*r. Is r prime?
False
Let b = 13624 + 13195. Is b a prime number?
False
Suppose -282 = -c + 218. Suppose 0*d = 4*d + c. Let n = d - -256. Is n a composite number?
False
Suppose 3*v + 2*h - 83491 = 3*h, 4*v - 111332 = -4*h. Is v composite?
True
Suppose -l + 3804 = 5*l. Suppose -q - 2*b + b = -l, -2*b - 2 = 0. Is q a prime number?
False
Let i be 1795/3 + (-2)/(-3). Let q = -1712 + i. Is (3/((-9)/q))/1 composite?
True
Suppose -3*x + 3*m = -309183, 243775 = 3*x + 5*m - 65408. Is x a composite number?
True
Is -5276*(5/2 + (-11)/4) composite?
False
Suppose 0*i + 1275 = -3*i. Let g(w) = 12*w**2 - 12*w - 14. Let l be g(-7). Let y = l + i. Is y prime?
True
Let q(p) = 4*p - 9. Let t = 31 + -18. Is q(t) a prime number?
True
Suppose -2*l = 3*l + 5*v - 25, -l - 13 = -5*v. Suppose 4*i + y + 3 = 0, l*y = i + i + 14. Is (-97)/i*(2 - 0) a composite number?
False
Let q(d) be the first derivative of -d**3/3 - 9*d**2 - 14*d + 2. Is q(-12) prime?
False
Suppose -3*v - 4*p = -6*v - 3, 0 = 4*v - p + 17. Let u be (-7 - v) + (-3 - -8). Is 1093 + 18/u + -2 prime?
True
Let y(b) = -6*b**3 + 3*b**2 + 12*b + 6. Let v be y(-3). Suppose -17*h = -14*h - v. Is h a composite number?
False
Let d(y) = 10*y**2 + 14*y - 13. Let s be d(9). Suppose -3*q = f - s, -5*q = 3*f - 4*f + 891. Is f composite?
False
Suppose 10*w - 75028 - 85542 = 0. Is w prime?
True
Let g(j) be the third derivative of j**5/60 - j**4/24 - j**3/2 + 6*j**2. Let t be g(0). Is 139/2 + t/6 a composite number?
True
Let i(h) = -h**3 + 18*h**2 + 4*h - 33. Let q be i(18). Suppose -36*l - 897 = -q*l. Is l prime?
False
Suppose 13*c - 4*c = 30177. Suppose 16*z = 9*z + c. Is z prime?
True
Let p(d) = d**2 + 4*d - 2. Let w(u) = 2 - 22*u - u**2 + 22*u. Let i be w(-3). Is p(i) a composite number?
False
Suppose 0 = 4*z - 14*d + 9*d - 29957, 4*d = 12. Is z a prime number?
False
Let u(v) = -v**2 - 4*v + 5. Let p be u(-4). Suppose 3*c - 1130 = 2*q - 99, 0 = -p*c - 4*q + 1755. Is c prime?
True
Is 98 + 1629 + 2 + 4*1 a composite number?
False
Suppose 2 = p - 1. Let m be 2 + 6 + -1 - p. Suppose -m*o - q = -509, -3*o + 633 = 2*o - 2*q. Is o composite?
False
Suppose -7*k + 18 = -3. Suppose -2*y - k*g + 759 = -215, 2*g = -2*y + 970. Is y a composite number?
True
Let j be 2/(-8) + 6388/16. Suppose -4*y + y = j. Let i = 190 + y. Is i prime?
False
Let q = 58 - 55. Suppose 5*u - 611 = -4*w, -444 = q*w - 6*w + u. Is w a composite number?
False
Let o = 1014 - 476. Let v = o + 916. Is v composite?
True
Let l be (40/3)/10*(-1 - -4). Suppose l*m - 3972 = -2*m. Is m composite?
True
Is 15224/14 + (-2)/((-42)/(-9)) prime?
True
Let y(g) = 1 + 25*g**2 - 4*g + 3*g - 7*g**2 + 37*g**2. Is y(-3) a composite number?
False
Let l be (70/15)/(1/9). Let c be (-2)/(-6) - l/(-9). Suppose 0 = -c*i + 32 + 63. Is i a composite number?
False
Is 2404 + (-42)/(-7) + -3 prime?
False
Let a = -814 - -1585. Suppose -5*v - 4*z = -2743, -337 = -2*v + 2*z + a. Is v a composite number?
True
Let w = -2 + 4. Let l(o) = 2*o + 51. Let j be l(-22). Suppose 0 = -w*i + j*i - 895. Is i a prime number?
True
Let m(w) = 2*w + 1. Let n be m(2). Is 92 - 10/n - 3 prime?
False
Let p = 20432 + -10243. Is p composite?
True
Suppose 0 = -6*o + 5604 + 5838. Is o a prime number?
True
Let c be 2516 - -14 - -2*1. Suppose 5*g + 4*j - 4238 = 0, c = 3*g - 0*j - 3*j. Suppose -g = -3*d - 3*d. Is d a prime number?
False
Suppose 0*k - 3*k = -3*n - 2031, -2*k + n = -1357. Let c = k - 303. Is c composite?
True
Let p be ((-132)/55)/((-3)/140). Suppose 0 = 5*d + p - 767. Is d a composite number?
False
Suppose -18 + 20 = 2*j, -4*j + 84089 = 5*n. Is n a prime number?
False
Let t = 10 - 6. Suppose -572 = -t*m + 8*m. Let q = 44 - m. Is q prime?
False
Suppose 5*l + 3*o - 237118 = 0, -3*l - 237120 = -8*l - 5*o. Is l prime?
False
Suppose -k + 4 = 0, -3424 = 3*c - 5*c - 3*k. Is c prime?
False
Let m = 45 + -21. Suppose w = -111 + m. Let q = w + 146. Is q a composite number?
False
Suppose 0*j - 105 = -5*j - 2*l, 4*l = -2*j + 42. Is (-12)/j - 4726/(-14) a prime number?
True
Let l = 489 - 484. Let x(s) = -43*s + 7. Let g(b) = 22*b - 3. Let j(t) = -11*g(t) - 6*x(t). Is j(l) prime?
True
Suppose -d + 1713 = -4*d. Let g = d + 904. Is ((-3)/9)/((-3)/g) a prime number?
True
Let s = 11212 - 7206. Is s a prime number?
False
Suppose -4*u + 15 = u. Let n = u + 1. Suppose -299 = -4*h + 3*l - 0*l, -3*h = n*l - 243. Is h prime?
False
Suppose 6*n - 19922 - 67816 = 0. Is n a prime number?
False
Let s(f) be the second derivative of 32/3*f**4 - 3*f + 0*f**2 - 1/6*f**3 + 0. Is s(1) a composite number?
False
Let f = -8578 - -50009. Is f a composite number?
True
Let f be (-4)/(-6)*(6 - 0). Let i(x) = 3*x**3 + 0*x - 5 + 7*x**2 + 4 - 4*x. Is i(f) prime?
False
Let w(s) = -s + 223. Suppose -a + 4*q + 20 = 0, -3*q - 25 = -2*a + 2*q. Is w(a) composite?
False
Let s = 722 - -245. Suppose -4108 = -3*z - s. Is z a composite number?
True
Let z(b) = 85*b + 31. Is z(4) a prime number?
False
Let s(q) = 864*q**2 + q - 2. Is s(1) prime?
True
Suppose 12 = -3*k, -2*k + 7*k = -5*a + 995. Is a a prime number?
False
Let d(x) = x**3 + 2*x**2 - x + 9. Let y be d(0). Suppose 15 = 5*n + 5*u, 2*n + y = 5*n - 4*u. Suppose -n*w - 921 + 329 = -2*g, g = -3*w + 287. Is g composite?
False
Suppose 0 = 2*g - 3*h - 3265 + 314, -2*h - 6 = 0. Is g composite?
False
Suppose 0 = w - 4*w + 6. Suppose -w*o = 2*o - 2348. Is o prime?
True
Suppose f + 0*f - 11 = 0. Suppose -f*